ose -c = 1270 - 3747. Suppose 16*o = 3891 + c. What is the hundreds digit of o?
3
Let f(t) = t**3 - 18*t**2 + 4*t - 3. Suppose -81 = -5*g + 9. Let j be f(g). Let l = 172 - j. What is the hundreds digit of l?
1
Suppose -2*t + 2562 = 374. What is the units digit of t?
4
Suppose 2*q - 41*u + 46*u = 127903, 4*q + 3*u = 255743. What is the tens digit of q?
2
Let h be (-25)/(-20) - 68/16. Let w(p) = -47*p**3 - p**2 - 2*p + 6. What is the tens digit of w(h)?
7
Suppose c - 4510 = 2*a, 3*c + 3*a - 17895 + 4401 = 0. What is the thousands digit of c?
4
Let a(c) = 69*c + 7. Let h(z) = z + 20. Let n be h(-14). What is the units digit of a(n)?
1
Let y(m) = 5*m**2 - 466*m + 100. Let t be y(93). Let x(h) = -h + 9. Let i be x(4). Suppose -4*s - 3*n + 556 = -t*n, s + i*n = 163. What is the tens digit of s?
4
Suppose 0 = 44*u - 47*u + 3*l + 5613, 5*u + 2*l - 9327 = 0. What is the tens digit of u?
6
Suppose -42*u = -24*u - 0*u - 293094. What is the thousands digit of u?
6
Let b = 315 - 314. Suppose 2*l - 1 = f, 4*f - 22 = l - 5. Suppose l*n - b = 8, -3*s + 384 = 2*n. What is the units digit of s?
6
Let k = 53025 - 37650. What is the units digit of k?
5
Let u = -89 - -222. Let w = u - -91. Suppose 2*d = -26 + w. What is the units digit of d?
9
Suppose -3*t + y + 88 = 18, 4*t = -3*y + 89. What is the tens digit of 92/t - (-348)/3?
2
Suppose 1428316 - 1229237 = 30*z - 1544191. What is the tens digit of z?
0
Suppose -2*i = 3*i - 20. Let y(a) be the third derivative of a**6/120 - a**4/6 + a**3/3 + 25*a**2 - 4*a. What is the units digit of y(i)?
0
Let b(n) = -24*n - 486. Let y be b(-20). Let s(h) = 3*h**2 - h - 27. Let l(a) = -2*a**2 + 14. Let f(r) = -7*l(r) - 4*s(r). What is the tens digit of f(y)?
5
Let l = -40 - 1173. Let g = -417 - l. What is the tens digit of g?
9
Suppose -12*w + 9*w = 3*q - 39084, -3*q + w + 39096 = 0. What is the thousands digit of q?
3
Let j(i) = -i**3 - 4*i**2 - i + 6. Let x be j(-3). Suppose k - 365 = -x*k. What is the units digit of k?
5
Suppose -5*x - 109 = 251. What is the hundreds digit of 4/x*-4 - 3067/(-9)?
3
Let y = 2732 - 193. Suppose 3*c = y + 767. What is the tens digit of c?
0
Let w be (1 - -14)*(-16)/(-6). Let l be (-2)/(6*5/(-75)). Suppose y = 5*b + w, b + 4*b = l. What is the units digit of y?
5
Let h be 2/(-18)*-16 + (-8)/(-36). Let d be h/(-9) - (-980)/(-126). What is the units digit of (-444)/d + (-6)/4?
4
Suppose -5*g + 433 = -4*g - 2*f, 4*g + f - 1732 = 0. Let q = 7 - 3. Suppose g = q*o + 5*k, -2*o + k = -0*k - 227. What is the tens digit of o?
1
Let d be 15/(300/(-4312))*-60. Suppose -6*v = 22*v - d. What is the units digit of v?
2
Let g(f) be the third derivative of f**6/60 - f**4/8 + 11*f**2. Let n be (-26)/(-10) - (-6)/15. What is the units digit of g(n)?
5
Suppose 0 = -15*s + 14*s + 2. Suppose -5*o + 584 = i, 81 = i + s*o - 518. What is the units digit of i?
9
Let m(k) = 825*k - 1267. What is the hundreds digit of m(7)?
5
Suppose 9*w = 4*w - 5. Let o be -1 - (-2 + 8/1). What is the units digit of o - -46 - (-2 + 2 - w)?
8
Let x = -1124 + 462. Let w = 1134 + x. What is the units digit of w?
2
Let k be (-229)/1*-1 - -2. Suppose 0*z - 2*z - 2*g = -228, -3*g = 2*z - k. Suppose 9 = 5*h - 6, h = 3*y - z. What is the units digit of y?
8
Let k(m) = 6667*m**2 - 19*m - 27. What is the thousands digit of k(-1)?
6
Let q(u) = -2*u + 19 + 6 - 7. Let j be q(-6). Let g = 29 + j. What is the tens digit of g?
5
Let z = 273 - 111. What is the tens digit of ((-30)/(-5) - 1) + z?
6
Let r(n) = 3*n**2 - 15*n + 24. Let v be r(8). Let u = 151 - v. What is the tens digit of u?
5
Let s = -3846 - -7111. What is the hundreds digit of s?
2
Suppose 6*v - v - 20 = 0. Let l(z) = z**3 + 4*z**2 - 31*z + 13. Let k be l(-8). Suppose -1278 = -v*x - k*x. What is the hundreds digit of x?
1
Let t = 2581 + -1835. What is the hundreds digit of t?
7
What is the tens digit of 190242/468 - (-3)/2?
0
Suppose -3668761 = 96*h - 6071241 - 3849616. What is the ten thousands digit of h?
6
Let n(w) = -w**2 + 9*w + 12. Let q be n(7). Let i = 158 - q. What is the tens digit of i?
3
Suppose -g - 69 = -73. Suppose 2*h - k + 2*k = 3, 4*h = -g*k. Suppose -h*y = -y - 32. What is the tens digit of y?
1
Suppose 124*q = 72*q + 145912. What is the thousands digit of q?
2
Let p(v) = v**3 + v**2 + 5*v - 7. Let t be p(2). Let b(z) = 7*z**2 - 39*z + 19. What is the thousands digit of b(t)?
1
Let a = 257 - 254. Suppose -1202 = -p + 5*c, 10*c + 3630 = a*p + 7*c. What is the tens digit of p?
1
Suppose -8*u + 207380 = 26434 - 175014. What is the units digit of u?
5
What is the hundreds digit of 1197 - 224/(-48)*-3?
1
Let i = -2520 - -2912. What is the units digit of i?
2
Suppose 0 = 83*v - 152*v + 2292351 - 702453. What is the ten thousands digit of v?
2
Let h = -7 - 99. What is the units digit of h*(0 + -1)*2?
2
Suppose -56*h = -84*h + 50*h - 122914. What is the units digit of h?
7
Suppose 5*w - 74 = -24. Suppose -759 = -11*x + w*x + 5*l, -15 = 3*l. What is the hundreds digit of x?
7
What is the hundreds digit of (28/70)/(6/30480)?
0
Let a(m) = -3*m**2 - 5*m + 3. Let g be a(-2). What is the tens digit of (3 + 264)*(g - (-5 + 3))?
0
Let v(s) = s**3 - 25*s**2 - 27*s + 29. Let c be v(26). Suppose 4*r + 4*t = 1372, -91 - 610 = -2*r + c*t. What is the hundreds digit of r?
3
Suppose 3*m - 17 = 5*g, 0 - 16 = -5*m - 4*g. Suppose 0*a - 5 = 5*l + 2*a, -m*l - 4 = 4*a. What is the units digit of 7/(1*l/(-12))?
4
Let k(r) = r**2 + 5*r + 10. Let t be k(-10). Let q = t - 48. What is the tens digit of 3*8/q*8?
1
Suppose 4*x - 3*w + 37 = -2*w, -4*w = 4*x + 52. Let g(l) = l**2 + 6*l - 26. What is the units digit of g(x)?
4
Suppose 0 = -8*y + 20578 + 106190. What is the ten thousands digit of y?
1
Let r(s) = 9*s - 9. Let j(k) = 19*k - 17. Let i(g) = -2*j(g) + 5*r(g). Let f(z) = -4*z + 6. Let w(u) = -5*f(u) - 2*i(u). What is the units digit of w(6)?
8
Suppose 4*u - 2*u - 9548 = -4*g, 5*g - 11935 = 5*u. Suppose -i - 1458 = -4*t, -5*t - 5*i - 552 + g = 0. What is the tens digit of t?
6
Let x(z) = -z**3 + 21*z**2 - 23*z + 4. Let b be x(20). Let k = b + 59. Suppose -1380 = -k*i - 9*i. What is the units digit of i?
5
Let s(y) = 78*y**3 + 8*y**2 - 64*y + 323. What is the thousands digit of s(6)?
7
Let b(u) = 187*u - 229. Suppose 0 = 2*k - 2*t - 28, -k + 21 = -2*t + 2. What is the units digit of b(k)?
4
Let z(u) = 88*u**2 - 381*u + 2323. What is the tens digit of z(6)?
0
Suppose 7*b = 13 + 1. Suppose 6*g - b*i = 3*g + 44, -5 = -i. Suppose 6*v - 30 = g. What is the units digit of v?
8
Suppose 99*u + 69575 = 374*u. What is the tens digit of u?
5
Let z = -26193 + 42217. What is the units digit of z?
4
Let f(p) = -3*p + 35. Let u be f(-12). Let o = 444 - u. What is the tens digit of o?
7
Let b(l) = l**3 + 13*l**2 + 12*l + 5. Let q be b(-12). Suppose 0 = q*v - 847 + 127. Suppose 4*d - 10*d = -v. What is the units digit of d?
4
What is the thousands digit of (-2)/(-6) - ((-2473978)/78 - 35)?
1
Suppose -2*t - 20 = -3*q, 4*t + 6 = -4*q - 14. What is the hundreds digit of ((-694)/(-6))/(t/(-21))?
3
Let z = 174 + -79. Suppose 0 = -y + 234 + z. What is the hundreds digit of y?
3
Suppose 4*z + j = 3, 0 = -2*z - j - 3*j - 2. Let r(g) = 33*g**2 + 25*g**2 - z - 3*g**2 - g**2. What is the units digit of r(-1)?
3
Let k = 128 + -132. What is the tens digit of ((-636)/30)/(k/60)?
1
Suppose -17*b + 13*b + m = -3424, -5*b + 4277 = -2*m. Suppose -13*o + 755 = -b. What is the hundreds digit of o?
1
Suppose -2*d + 12513 = -3*q, -d - 4*q + 6254 = -8*q. Suppose 7*m - d = -14*m. What is the tens digit of m?
9
Suppose 2*h + 32 = -w + 105, -4*h - 5*w + 143 = 0. Let u(f) = -13*f - 5. Let s be u(-3). Let r = s + h. What is the tens digit of r?
7
Suppose -3*q + 4*b - 3544 = q, 5*q = -5*b - 4430. Let h = -224 - q. What is the hundreds digit of h?
6
Let g = 459 + -185. Let j = 555 - g. What is the units digit of j?
1
Let q(z) = -327*z + 10. Let m(b) = 652*b - 19. Let u(v) = -3*m(v) - 5*q(v). What is the hundreds digit of u(-2)?
6
Suppose 3*g = -m + 21270 + 40117, -g + 20425 = -5*m. What is the thousands digit of g?
0
Let v be -4 - (8/(-18) + (-441738)/81). Suppose -22*l + v = -3592. What is the hundreds digit of l?
4
Suppose 0 = 30*k - 1030034 - 822196. What is the ten thousands digit of k?
6
Let q be 12544 + (-3 + -2 - (-2)/1). Suppose -13*j 